{"id":430,"date":"2022-12-27T10:03:11","date_gmt":"2022-12-27T09:03:11","guid":{"rendered":"https:\/\/masterstp-univ-tlse3.fr\/?page_id=430"},"modified":"2022-12-27T10:03:11","modified_gmt":"2022-12-27T09:03:11","slug":"actualites","status":"publish","type":"page","link":"https:\/\/alumni.masterstp-univ-tlse3.fr\/index.php\/actualites\/","title":{"rendered":"Actualit\u00e9s"},"content":{"rendered":"\n<div class=\"wp-block-query is-layout-flow wp-block-query-is-layout-flow\"><\/div>\n\n\n\n<div class=\"wp-block-query is-layout-flow wp-block-query-is-layout-flow\"><ul class=\"is-flex-container columns-3 wp-block-post-template is-layout-flow wp-block-post-template-is-layout-flow\"><li class=\"wp-block-post post-1 post type-post status-publish format-standard hentry category-non-classe\">\n<h2 class=\"wp-block-post-title\">Ouverture de l&rsquo;annuaire &#8230;<\/h2>\n\n<div class=\"wp-block-post-date\"><time datetime=\"2024-09-30T17:16:46+02:00\">30 septembre 2024<\/time><\/div>\n\n<div class=\"wp-block-post-excerpt\"><p class=\"wp-block-post-excerpt__excerpt\">Cela fait longtemps que je souhaite mettre en place cet annuaire. Les vacances de No\u00ebl m&rsquo;ont permis de finaliser les derniers points et cela permet de lancer le d\u00e9but des inscriptions pour tester \u00e0 plus grande \u00e9chelle. Pourquoi un site ? Pourquoi un annuaire ? Il y a actuellement en France, tr\u00e8s peu de formations\u2026 <\/p><\/div>\n<\/li><\/ul>\n\n\n\n<\/div>\n","protected":false},"excerpt":{"rendered":"","protected":false},"author":1,"featured_media":0,"parent":0,"menu_order":0,"comment_status":"closed","ping_status":"closed","template":"blog","meta":{"footnotes":""},"class_list":["post-430","page","type-page","status-publish","hentry"],"_links":{"self":[{"href":"https:\/\/alumni.masterstp-univ-tlse3.fr\/index.php\/wp-json\/wp\/v2\/pages\/430","targetHints":{"allow":["GET"]}}],"collection":[{"href":"https:\/\/alumni.masterstp-univ-tlse3.fr\/index.php\/wp-json\/wp\/v2\/pages"}],"about":[{"href":"https:\/\/alumni.masterstp-univ-tlse3.fr\/index.php\/wp-json\/wp\/v2\/types\/page"}],"author":[{"embeddable":true,"href":"https:\/\/alumni.masterstp-univ-tlse3.fr\/index.php\/wp-json\/wp\/v2\/users\/1"}],"replies":[{"embeddable":true,"href":"https:\/\/alumni.masterstp-univ-tlse3.fr\/index.php\/wp-json\/wp\/v2\/comments?post=430"}],"version-history":[{"count":0,"href":"https:\/\/alumni.masterstp-univ-tlse3.fr\/index.php\/wp-json\/wp\/v2\/pages\/430\/revisions"}],"wp:attachment":[{"href":"https:\/\/alumni.masterstp-univ-tlse3.fr\/index.php\/wp-json\/wp\/v2\/media?parent=430"}],"curies":[{"name":"wp","href":"https:\/\/api.w.org\/{rel}","templated":true}]}}